06 is divided by 4036?
4034
What is the remainder when 4849567 is divided by 6314?
415
What is the remainder when 4526793 is divided by 164?
65
Calculate the remainder when 68059797 is divided by 4099.
1
What is the remainder when 51629 is divided by 2862?
113
What is the remainder when 207988 is divided by 69297?
97
Calculate the remainder when 179089005 is divided by 16.
13
What is the remainder when 105874 is divided by 85?
49
What is the remainder when 41989723 is divided by 38?
27
Calculate the remainder when 596322 is divided by 37270.
2
What is the remainder when 2186515 is divided by 546628?
3
Calculate the remainder when 33177986 is divided by 254.
252
What is the remainder when 454364 is divided by 98?
36
What is the remainder when 9916634 is divided by 79?
1
Calculate the remainder when 13369 is divided by 6513.
343
What is the remainder when 739462 is divided by 51?
13
What is the remainder when 28860860 is divided by 19?
12
What is the remainder when 119991 is divided by 119963?
28
Calculate the remainder when 74645 is divided by 74638.
7
What is the remainder when 19921457 is divided by 794?
791
Calculate the remainder when 34515339 is divided by 303.
3
What is the remainder when 3328843 is divided by 144731?
30
Calculate the remainder when 19856117 is divided by 218199.
8
Calculate the remainder when 3987868 is divided by 1329288.
4
Calculate the remainder when 39943315 is divided by 8263.
8236
Calculate the remainder when 505452 is divided by 36101.
38
What is the remainder when 3776834 is divided by 881?
868
What is the remainder when 2827 is divided by 871?
214
What is the remainder when 545259 is divided by 2523?
291
Calculate the remainder when 1673593 is divided by 25747.
38
Calculate the remainder when 88370 is divided by 2787.
1973
Calculate the remainder when 85209247 is divided by 145.
142
What is the remainder when 30242 is divided by 30085?
157
What is the remainder when 1441434 is divided by 27716?
202
Calculate the remainder when 36698475 is divided by 12232822.
9
What is the remainder when 174990300 is divided by 487?
486
What is the remainder when 8897812 is divided by 31441?
9
What is the remainder when 19112703 is divided by 52?
51
What is the remainder when 171955464 is divided by 43467?
12
Calculate the remainder when 7698283 is divided by 2893.
10
What is the remainder when 2922552 is divided by 100777?
19
Calculate the remainder when 7028243 is divided by 816.
35
What is the remainder when 109921 is divided by 3519?
832
Calculate the remainder when 1087222 is divided by 788.
570
What is the remainder when 31636997 is divided by 134?
133
Calculate the remainder when 194291 is divided by 23926.
2883
Calculate the remainder when 164491 is divided by 32741.
786
Calculate the remainder when 3125214 is divided by 284.
78
Calculate the remainder when 4299609 is divided by 194.
181
What is the remainder when 191987523 is divided by 168?
147
Calculate the remainder when 22276851 is divided by 3998.
3993
What is the remainder when 12243 is divided by 4643?
2957
What is the remainder when 1343888 is divided by 223973?
50
Calculate the remainder when 102128233 is divided by 292631.
14
What is the remainder when 11495605 is divided by 77?
44
What is the remainder when 3796986 is divided by 3519?
3504
What is the remainder when 6766810 is divided by 120?
10
Calculate the remainder when 380338 is divided by 3657.
10
Calculate the remainder when 727441 is divided by 1828.
1725
What is the remainder when 4135135 is divided by 496?
479
Calculate the remainder when 1670148 is divided by 806.
116
What is the remainder when 11301138 is divided by 869317?
17
Calculate the remainder when 10193627 is divided by 23651.
46
What is the remainder when 421290 is divided by 95?
60
Calculate the remainder when 22888 is divided by 10849.
1190
Calculate the remainder when 9492612 is divided by 231527.
5
Calculate the remainder when 22062030 is divided by 21482.
16
Calculate the remainder when 187394 is divided by 7096.
2898
What is the remainder when 16082 is divided by 1391?
781
Calculate the remainder when 114170339 is divided by 6.
5
Calculate the remainder when 191666 is divided by 190.
146
Calculate the remainder when 670386 is divided by 97.
19
Calculate the remainder when 14811405 is divided by 1697.
1686
Calculate the remainder when 6985075 is divided by 357.
13
Calculate the remainder when 94870 is divided by 1031.
18
What is the remainder when 3633105 is divided by 1816500?
105
What is the remainder when 18464566 is divided by 22?
10
What is the remainder when 382517 is divided by 17727?
10250
What is the remainder when 18487610 is divided by 29?
23
Calculate the remainder when 39734482 is divided by 1449.
4
Calculate the remainder when 938919 is divided by 3491.
3331
What is the remainder when 53850 is divided by 1617?
489
Calculate the remainder when 188237826 is divided by 109568.
2
What is the remainder when 1495394 is divided by 504?
26
What is the remainder when 7451457 is divided by 20?
17
Calculate the remainder when 3549271 is divided by 2027.
2021
Calculate the remainder when 71382460 is divided by 2379415.
10
What is the remainder when 5396642 is divided by 1798879?
5
Calculate the remainder when 145389 is divided by 2.
1
What is the remainder when 61637 is divided by 3072?
197
Calculate the remainder when 23932520 is divided by 39755.
10
Calculate the remainder when 58509984 is divided by 2021.
13
What is the remainder when 472874 is divided by 325?
324
Calculate the remainder when 65810827 is divided by 1343078.
5
What is the remainder when 139201348 is divided by 4288?
4
Calculate the remainder when 1592536 is divided by 516.
160
What is the remainder when 3406472 is divided by 2481?
59
What is the remainder when 347379 is divided by 415?
24
What is the remainder when 29185359 is divided by 138?
15
What is the remainder when 379728 is divided by 54240?
48
What is the remainder when 19153 is divided by 17606?
1547
Calculate the remainder when 226183159 is divided by 20.
19
What is the remainder when 162182 is divided by 582?
386
What is the remainder when 2505982 is divided by 24?
22
Calculate the remainder when 2389198 is divided by 1194547.
104
Calculate the remainder when 3949679 is divided by 197469.
299
Calculate the remainder when 325142 is divided by 32.
22
What is the remainder when 24952230 is divided by 20237?
9
What is the remainder when 6027290 is divided by 6?
2
What is the remainder when 534759 is divided by 2138?
259
Calculate the remainder when 228274 is divided by 910.
774
What is the remainder when 829068 is divided by 2658?
2430
What is the remainder when 448790 is divided by 3074?
3060
Calculate the remainder when 76845 is divided by 25242.
1119
What is the remainder when 1176231389 is divided by 17?
12
Calculate the remainder when 4359491 is divided by 3268.
3247
What is the remainder when 182145328 is divided by 10?
8
What is the remainder when 8380 is divided by 4037?
306
What is the remainder when 2030744 is divided by 1374?
1346
Calculate the remainder when 307470850 is divided by 4569.
4564
What is the remainder when 21018462 is divided by 192?
30
What is the remainder when 732458 is divided by 48826?
68
What is the remainder when 39309 is divided by 4322?
411
What is the remainder when 5743750 is divided by 95729?
10
Calculate the remainder when 10539 is divided by 8960.
1579
What is the remainder when 6339390 is divided by 56?
22
What is the remainder when 1640557 is divided by 440?
237
What is the remainder when 4766053 is divided by 1031?
771
What is the remainder when 470076 is divided by 1667?
1649
Calculate the remainder when 208400682 is divided by 69466884.
30
What is the remainder when 20714 is divided by 18178?
2536
Calculate the remainder when 2388234 is divided by 272.
74
Calculate the remainder when 65924 is divided by 65674.
250
Calculate the remainder when 470583 is divided by 1408.
311
Calculate the remainder when 10984 is divided by 10944.
40
What is the remainder when 11022916 is divided by 3674305?
1
Calculate the remainder when 128801 is divided by 940.
21
Calculate the remainder when 804466 is divided by 47320.
26
Calculate the remainder when 2414 is divided by 113